{"id":103,"date":"2016-08-24T17:06:34","date_gmt":"2016-08-24T15:06:34","guid":{"rendered":"http:\/\/bottegadelfusto.com\/bdf\/?page_id=103"},"modified":"2016-10-05T09:07:15","modified_gmt":"2016-10-05T07:07:15","slug":"arredi","status":"publish","type":"page","link":"https:\/\/bottegadelfusto.com\/index.php\/arredi\/","title":{"rendered":"Arredi"},"content":{"rendered":"<h2>\u00a0<span style=\"color: #000000;\">Arredi <span style=\"color: #000000;\">pensati<\/span>,\u00a0 e realizzati per dare forma ai vostri sogni.<\/span><\/h2>\n<h3><span style=\"color: #000000;\">Dal nostro laboratorio al cliente, dal concept al prodotto finito.<br \/>\nGli arredi sono la parte pi\u00f9 creativa dell&#8217;attivit\u00e0.<\/span><\/h3>\n<p>ngg_shortcode_0_placeholder<br \/>\n<span style=\"color: #000000;\">Gli arredi sono la parte pi\u00f9 creativa dell&#8217;attivit\u00e0 della Bottega del Fusto.<\/span><br \/>\n<span style=\"color: #000000;\"> I tecnici della Bottega del Fusto realizzano le soluzioni esattamente come le immagina il cliente. Dallo studio direzionale al grande divano del salotto, dal tavolo alle sedie di design, per liberare ogni forma espressiva che sia di un architetto, di un manager o della padrona di casa.<\/span><br \/>\n<span style=\"color: #000000;\"> Spesso nelle realizzazioni di arredi il legno naturale \u00e8 dominante per la capacit\u00e0 degli artigiani della Bottega del Fusto di realizzare ogni particolare con questo materiale alla perfezione. La stessa abilit\u00e0 che viene impiegata per arredi in metallo o laccato.<\/span><br \/>\n<span style=\"color: #000000;\"> Il motto della Bottega del Fusto \u00e8 &#8220;I vostri desideri, la nostra passione&#8221; per questo motivo tutto \u00e8 possibile. I tecnici della Bottega del Fusto realizzano le soluzioni esattamente come le immagina il cliente.<\/span><\/p>\n<hr \/>\n<p>&nbsp;<\/p>\nngg_shortcode_1_placeholder\n<p><span style=\"color: #000000;\">Ogni realizzazione segue uno schema produttivo caratterizzato da rigide fasi di processo per seguire il cliente passo passo; qui una parte del processo:<\/span><\/p>\n<ul>\n<li><span style=\"color: #000000;\">Studio di fattibilit\u00e0.<\/span><\/li>\n<li><span style=\"color: #000000;\">Presentazione grafica del progetto.<\/span><\/li>\n<li><span style=\"color: #000000;\">Stima dei costi e dei tempi di realizzazione.<\/span><\/li>\n<li><span style=\"color: #000000;\">Ricerca di campioni e componenti.<\/span><\/li>\n<li><span style=\"color: #000000;\">Disegni tecnici esecutivi e costruttivi.<\/span><\/li>\n<li><span style=\"color: #000000;\">Selezione dei fornitori.<\/span><\/li>\n<li><span style=\"color: #000000;\">Selezione dei materiali idonei.<\/span><\/li>\n<li><span style=\"color: #000000;\">Realizzazione del mockup.<\/span><\/li>\n<li><span style=\"color: #000000;\">Realizzazione con maestri artigiani.<\/span><\/li>\n<li><span style=\"color: #000000;\">Controllo qualitativo e collaudo.<\/span><\/li>\n<\/ul>\n<hr \/>\n<p>&nbsp;<\/p>\n","protected":false},"excerpt":{"rendered":"<p>\u00a0Arredi pensati,\u00a0 e realizzati per dare forma ai vostri sogni. Dal nostro laboratorio al cliente, dal concept al prodotto finito. Gli arredi sono la parte pi\u00f9 creativa dell&#8217;attivit\u00e0. Gli arredi sono la parte pi\u00f9 creativa dell&#8217;attivit\u00e0 della Bottega del Fusto. I tecnici della Bottega del Fusto realizzano le soluzioni esattamente come le immagina il cliente. [&hellip;]<\/p>\n","protected":false},"author":18,"featured_media":0,"parent":0,"menu_order":0,"comment_status":"closed","ping_status":"closed","template":"","meta":{"ngg_post_thumbnail":0,"footnotes":""},"class_list":["post-103","page","type-page","status-publish","hentry"],"yoast_head":"<!-- This site is optimized with the Yoast SEO plugin v24.2 - https:\/\/yoast.com\/wordpress\/plugins\/seo\/ -->\n<title>Arredi - Bottega del Fusto<\/title>\n<meta name=\"robots\" content=\"index, follow, max-snippet:-1, max-image-preview:large, max-video-preview:-1\" \/>\n<link rel=\"canonical\" href=\"https:\/\/bottegadelfusto.com\/index.php\/arredi\/\" \/>\n<meta property=\"og:locale\" content=\"it_IT\" \/>\n<meta property=\"og:type\" content=\"article\" \/>\n<meta property=\"og:title\" content=\"Arredi - Bottega del Fusto\" \/>\n<meta property=\"og:description\" content=\"\u00a0Arredi pensati,\u00a0 e realizzati per dare forma ai vostri sogni. Dal nostro laboratorio al cliente, dal concept al prodotto finito. Gli arredi sono la parte pi\u00f9 creativa dell&#8217;attivit\u00e0. Gli arredi sono la parte pi\u00f9 creativa dell&#8217;attivit\u00e0 della Bottega del Fusto. I tecnici della Bottega del Fusto realizzano le soluzioni esattamente come le immagina il cliente. [&hellip;]\" \/>\n<meta property=\"og:url\" content=\"https:\/\/bottegadelfusto.com\/index.php\/arredi\/\" \/>\n<meta property=\"og:site_name\" content=\"Bottega del Fusto\" \/>\n<meta property=\"article:modified_time\" content=\"2016-10-05T07:07:15+00:00\" \/>\n<meta name=\"twitter:card\" content=\"summary_large_image\" \/>\n<meta name=\"twitter:label1\" content=\"Tempo di lettura stimato\" \/>\n\t<meta name=\"twitter:data1\" content=\"1 minuto\" \/>\n<script type=\"application\/ld+json\" class=\"yoast-schema-graph\">{\"@context\":\"https:\/\/schema.org\",\"@graph\":[{\"@type\":\"WebPage\",\"@id\":\"https:\/\/bottegadelfusto.com\/index.php\/arredi\/\",\"url\":\"https:\/\/bottegadelfusto.com\/index.php\/arredi\/\",\"name\":\"Arredi - Bottega del Fusto\",\"isPartOf\":{\"@id\":\"https:\/\/bottegadelfusto.com\/#website\"},\"datePublished\":\"2016-08-24T15:06:34+00:00\",\"dateModified\":\"2016-10-05T07:07:15+00:00\",\"breadcrumb\":{\"@id\":\"https:\/\/bottegadelfusto.com\/index.php\/arredi\/#breadcrumb\"},\"inLanguage\":\"it-IT\",\"potentialAction\":[{\"@type\":\"ReadAction\",\"target\":[\"https:\/\/bottegadelfusto.com\/index.php\/arredi\/\"]}]},{\"@type\":\"BreadcrumbList\",\"@id\":\"https:\/\/bottegadelfusto.com\/index.php\/arredi\/#breadcrumb\",\"itemListElement\":[{\"@type\":\"ListItem\",\"position\":1,\"name\":\"Home\",\"item\":\"https:\/\/bottegadelfusto.com\/\"},{\"@type\":\"ListItem\",\"position\":2,\"name\":\"Arredi\"}]},{\"@type\":\"WebSite\",\"@id\":\"https:\/\/bottegadelfusto.com\/#website\",\"url\":\"https:\/\/bottegadelfusto.com\/\",\"name\":\"Bottega del Fusto\",\"description\":\"I vostri desideri, la nostra passione. Dal 1962.\",\"potentialAction\":[{\"@type\":\"SearchAction\",\"target\":{\"@type\":\"EntryPoint\",\"urlTemplate\":\"https:\/\/bottegadelfusto.com\/?s={search_term_string}\"},\"query-input\":{\"@type\":\"PropertyValueSpecification\",\"valueRequired\":true,\"valueName\":\"search_term_string\"}}],\"inLanguage\":\"it-IT\"}]}<\/script>\n<!-- \/ Yoast SEO plugin. -->","yoast_head_json":{"title":"Arredi - Bottega del Fusto","robots":{"index":"index","follow":"follow","max-snippet":"max-snippet:-1","max-image-preview":"max-image-preview:large","max-video-preview":"max-video-preview:-1"},"canonical":"https:\/\/bottegadelfusto.com\/index.php\/arredi\/","og_locale":"it_IT","og_type":"article","og_title":"Arredi - Bottega del Fusto","og_description":"\u00a0Arredi pensati,\u00a0 e realizzati per dare forma ai vostri sogni. Dal nostro laboratorio al cliente, dal concept al prodotto finito. Gli arredi sono la parte pi\u00f9 creativa dell&#8217;attivit\u00e0. Gli arredi sono la parte pi\u00f9 creativa dell&#8217;attivit\u00e0 della Bottega del Fusto. I tecnici della Bottega del Fusto realizzano le soluzioni esattamente come le immagina il cliente. [&hellip;]","og_url":"https:\/\/bottegadelfusto.com\/index.php\/arredi\/","og_site_name":"Bottega del Fusto","article_modified_time":"2016-10-05T07:07:15+00:00","twitter_card":"summary_large_image","twitter_misc":{"Tempo di lettura stimato":"1 minuto"},"schema":{"@context":"https:\/\/schema.org","@graph":[{"@type":"WebPage","@id":"https:\/\/bottegadelfusto.com\/index.php\/arredi\/","url":"https:\/\/bottegadelfusto.com\/index.php\/arredi\/","name":"Arredi - Bottega del Fusto","isPartOf":{"@id":"https:\/\/bottegadelfusto.com\/#website"},"datePublished":"2016-08-24T15:06:34+00:00","dateModified":"2016-10-05T07:07:15+00:00","breadcrumb":{"@id":"https:\/\/bottegadelfusto.com\/index.php\/arredi\/#breadcrumb"},"inLanguage":"it-IT","potentialAction":[{"@type":"ReadAction","target":["https:\/\/bottegadelfusto.com\/index.php\/arredi\/"]}]},{"@type":"BreadcrumbList","@id":"https:\/\/bottegadelfusto.com\/index.php\/arredi\/#breadcrumb","itemListElement":[{"@type":"ListItem","position":1,"name":"Home","item":"https:\/\/bottegadelfusto.com\/"},{"@type":"ListItem","position":2,"name":"Arredi"}]},{"@type":"WebSite","@id":"https:\/\/bottegadelfusto.com\/#website","url":"https:\/\/bottegadelfusto.com\/","name":"Bottega del Fusto","description":"I vostri desideri, la nostra passione. Dal 1962.","potentialAction":[{"@type":"SearchAction","target":{"@type":"EntryPoint","urlTemplate":"https:\/\/bottegadelfusto.com\/?s={search_term_string}"},"query-input":{"@type":"PropertyValueSpecification","valueRequired":true,"valueName":"search_term_string"}}],"inLanguage":"it-IT"}]}},"_links":{"self":[{"href":"https:\/\/bottegadelfusto.com\/index.php\/wp-json\/wp\/v2\/pages\/103","targetHints":{"allow":["GET"]}}],"collection":[{"href":"https:\/\/bottegadelfusto.com\/index.php\/wp-json\/wp\/v2\/pages"}],"about":[{"href":"https:\/\/bottegadelfusto.com\/index.php\/wp-json\/wp\/v2\/types\/page"}],"author":[{"embeddable":true,"href":"https:\/\/bottegadelfusto.com\/index.php\/wp-json\/wp\/v2\/users\/18"}],"replies":[{"embeddable":true,"href":"https:\/\/bottegadelfusto.com\/index.php\/wp-json\/wp\/v2\/comments?post=103"}],"version-history":[{"count":20,"href":"https:\/\/bottegadelfusto.com\/index.php\/wp-json\/wp\/v2\/pages\/103\/revisions"}],"predecessor-version":[{"id":765,"href":"https:\/\/bottegadelfusto.com\/index.php\/wp-json\/wp\/v2\/pages\/103\/revisions\/765"}],"wp:attachment":[{"href":"https:\/\/bottegadelfusto.com\/index.php\/wp-json\/wp\/v2\/media?parent=103"}],"curies":[{"name":"wp","href":"https:\/\/api.w.org\/{rel}","templated":true}]}}