{"id":1323,"date":"2018-04-25T09:26:11","date_gmt":"2018-04-25T07:26:11","guid":{"rendered":"http:\/\/bottegadelfusto.com\/?page_id=1323"},"modified":"2018-04-25T09:26:11","modified_gmt":"2018-04-25T07:26:11","slug":"domande-frequenti","status":"publish","type":"page","link":"https:\/\/bottegadelfusto.com\/index.php\/domande-frequenti\/","title":{"rendered":"Domande Frequenti"},"content":{"rendered":"<h3>Domande frequenti<\/h3>\n<p>Prima di contattarci, ti invitiamo a leggere le domande pi\u00f9 frequenti, forse troverai subito la risposta.<\/p>\n<h4><strong>Domande Generali &#8211; Spedizioni, pagamenti, ecc.<\/strong><\/h4>\n<p>[su_spoiler title=&#8221;Devo registrarmi, per poter ordinare?&#8221; icon=&#8221;arrow&#8221;]No, per ordinare \u00e8 sufficiente inserire il prodotto nel carrello.<br \/>\nSolo al momento del pagamento si forniscono tutte le informazioni necessarie per l\u2019evasione dell&#8217;ordine e per l&#8217;emissione della ricevuta d&#8217;acquisto o per la fatturazione. La registrazione, invece, ti consentir\u00e0 di accedere all&#8217;area riservata (dal link &#8220;Account&#8221;) dove potrai monitorare lo stato dei tuo ordini. Infine dopo esserti registrato, se lo desideri, sarai sempre informato sulle ultime novit\u00e0 e promozioni di Flavonature.com grazie alle nostre newsletter.<br \/>\nI tuoi dati saranno utilizzati SOLO per la gestione dell&#8217;ordine e non verranno assolutamente forniti a terzi.[\/su_spoiler]<br \/>\n[su_spoiler title=&#8221;Spedite solo in Italia?&#8221; icon=&#8221;arrow&#8221;]Flavonature.com spedisce in tutto il mondo. Per alcune nazioni \u00e8 possibile calcolare il costo di consegna direttamente nel carrello. Per le altre nazioni \u00e8 possibile chiedere un preventivo. In Europa viene utilizzato il servizio di spedizioni a mezzo corriere. Per i peasi extra UE si utilizza il servizio via nave o via aereo a seconda delle necessit\u00e0 del cliente e della localit\u00e0 di destinazione.[\/su_spoiler]<br \/>\n[su_spoiler title=&#8221;Come faccio a calcolare i costi di consegna?&#8221; icon=&#8221;arrow&#8221;]Per calcolare i costi di consegna, basta inserire i prodotti nel carrello. Dovrai inserire la nazione, la provincia (o regione) e il codice di avviamento postale. Il sistema calcoler\u00e0 i costi e i tipi di consegna disponibili nella tua zona.[\/su_spoiler]<br \/>\n[su_spoiler title=&#8221;Le spedizioni sono assicurate?&#8221; icon=&#8221;arrow&#8221;]La merce in partenza \u00e8 assicurata al 100% del suo valore. Per non perdere il diritto alla sostituzione o al rimborso in caso di danno da trasporto, \u00e8 indispensabile controllare lo stato dei colli e segnalare qualsiasi anomalia sul documento di trasporto (&#8220;firma con Riserva&#8221;), prima di firmarlo e consegnarlo al corriere. Se manca la segnalazione sottoscritta dal destinatario sul documento di trasporto, sar\u00e0 impossibile procedere con la sostituzione del prodotto.[\/su_spoiler]<br \/>\n[su_spoiler title=&#8221;Dopo quanto tempo ricever\u00f2 l&#8217;ordine?&#8221; icon=&#8221;arrow&#8221;]Non \u00e8 possibile stabilire a priori il tempo esatto di consegna dell&#8217;ordine: Flavonature.com si impegna a consegnare ogni ordine il prima possibile. Nel carrello sono indicati i tipi di spedizione disponibili e il numero di giorni normalmente necessari per ricevere il prodotto.[\/su_spoiler]<br \/>\n[su_spoiler title=&#8221;Come posso pagare?&#8221; icon=&#8221;arrow&#8221;]I metodi di pagamento disponibili sono:<br \/>\n<strong>con PayPal<\/strong><br \/>\n<strong>con Carta di Credito<\/strong><br \/>\n[\/su_spoiler]<br \/>\n[su_spoiler title=&#8221;Soddisfatti o rimborsati&#8221; icon=&#8221;arrow&#8221;]Acquistare su Flavonature.com \u00e8 facile e sicuro.<br \/>\nUna volta ricevuto l&#8217;ordine avrai sempre la possibilit\u00e0 di restituirlo e richiedere il rimborso di quanto pagato.<br \/>\nPer restituire un prodotto devi comunicare la tua volont\u00e0 di recedere entro e non oltre 10 giorni lavorativi dal ricevimento della merce, senza dover corrispondere alcuna penalit\u00e0 e senza dover motivare le ragioni del recesso, dovendo unicamente comunicare la tua volont\u00e0 mediante una delle seguenti forme:<br \/>\n<strong>a)<\/strong> a mezzo lettera raccomandata AR, al seguente indirizzo:<br \/>\nFlavonature Via Cesare Pascarella, 31 &#8211; 00153 Roma;<br \/>\n<strong>b)<\/strong> tramite l\u2019invio di una e-mail al seguente indirizzo di posta elettronica: ordini@flavonature.com.<br \/>\nPoi dovrai imballare ed etichettare il prodotto come da nostre istruzioni.<br \/>\n<strong>Ci sono alcune semplici regole da tenere presenti<\/strong>:<br \/>\nL\u2019acquisto deve essere stato effettuato come persona fisica (se hai fatto intestare la fattura a una partita Iva, non hai diritto al recesso e non potrai effettuare il reso). Non \u00e8 consentita la restituzione se la confezione (la scatola) \u00e8 stata aperta o manomessa, o se c&#8217;\u00e8 stato l&#8217;accesso ai flaconi.<br \/>\nDevi richiedere la restituzione del prodotto entro 10 giorni lavorativi.<br \/>\nPuoi trovare tutti i dettagli riguardanti il diritto di recesso nelle <a href=\"http:\/\/flavonature.com\/site\/index.php\/termini-e-condizioni-di-vendita\/\" target=\"_blank\" rel=\"noopener\">Termini e Condizioni di Vendita<\/a>.[\/su_spoiler]<br \/>\n[su_spoiler title=&#8221;In quanto tempo consegna il corriere?&#8221; icon=&#8221;arrow&#8221;]I tempi di consegna variano a seconda del luogo di destinazione e del tipo di corriere.<br \/>\nSolo per l&#8217;Italia &#8211; Se viene utilizzato un corriere specializzato (di norma Flavonature.com sceglie questo tipo di trasporto per assicurare l&#8217;integrit\u00e0 della merce) la consegna viene effettuata in 7-10 giorni lavorativi, il massimo \u00e8 tra 15 e 25 giorni lavorativi.<br \/>\nFuori Italia &#8211; Se viene utilizzato un corriere specializzato (di norma Flavonature.com sceglie questo tipo di trasporto per assicurare l&#8217;integrit\u00e0 della merce) la consegna viene effettuata in 25-35 giorni lavorativi.<br \/>\nSe viene utilizzato un corriere espresso i tempi sono inferiori, tra i 15-25 giorni lavorativi.<br \/>\n[\/su_spoiler]<br \/>\n[su_spoiler title=&#8221;Che tipi di consegna avete?&#8221; icon=&#8221;arrow&#8221;]<strong>Consegna con posta ordinaria e con Corriere espresso<\/strong><br \/>\nLa merce viene consegnata a bordo strada, in corrispondenza del civico (non viene portata in casa).[\/su_spoiler]<br \/>\n[su_spoiler title=&#8221;Che tipo di ricevuta viene emessa?&#8221; icon=&#8221;arrow&#8221;]Quando ti viene consegnata la merce dal corriere, ti viene consegnato il DDT (Documento di Trasporto). La fattura o ricevuta invece viene spedita per posta.<br \/>\nLa fattura pu\u00f2 essere intestata, secondo le preferenze che hai espresso al momento dell&#8217;ordine, a un&#8217;azienda o partita IVA oppure a una persona fisica, con codice fiscale.[\/su_spoiler]<br \/>\n[su_spoiler title=&#8221;Posso annullare l&#8217;ordine?&#8221; icon=&#8221;arrow&#8221;]L&#8217;annullamento \u00e8 possibile se l&#8217;ordine non \u00e8 ancora stato processato (cio\u00e8 se \u00e8 ancora &#8220;In attesa&#8221;). Lo stato dell\u2019ordine \u00e8 chiaramente visibile, dopo aver effettuato il log-in, nell&#8217;area &#8220;Il Mio Account&#8221;. Se un ordine \u00e8 nello stato\u00a0&#8220;In lavorazione&#8221;\u00a0puoi chiedere di annullarlo, verr\u00e0 trattenuto Il 10% dell&#8217;importo dell&#8217;ordine, per coprire i costi amministrativi, logistici e operativi. Se l&#8217;Ordine si trova nello stato &#8220;In Preparazione&#8221;, il Cliente pu\u00f2 richiederne l&#8217;annullamento solo se la merce non \u00e8 gi\u00e0 stata consegnata al corriere. In caso sia ancora possibile annullare, verr\u00e0 applicata la penale del 10%.<br \/>\nSe un ordine \u00e8 gi\u00e0 &#8220;In spedizione&#8221;, non \u00e8 pi\u00f9 annullabile in alcun modo.[\/su_spoiler]<br \/>\n[su_spoiler title=&#8221;Cosa succede se un prodotto arriva danneggiato?&#8221; icon=&#8221;arrow&#8221;]Non appena ricevi il tuo ordine, controlla che sia integro <strong>PRIMA<\/strong> di firmare la ricevuta al corriere.<br \/>\n<strong>Attenzione<\/strong>: se non segnali il danno alla presenza del corriere, non ci sar\u00e0 pi\u00f9 possibile aiutarti a risolvere il problema.<br \/>\nSe l&#8217;imballo \u00e8 danneggiato, devi firmare la ricevuta del corriere con la dicitura: &#8220;Riserva di controllo&#8221;, aggiungendo sempre il motivo della riserva.<br \/>\nAd esempio, &#8220;Riserva di controllo per imballo bucato&#8221; oppure &#8220;Riserva di controllo per cartone schiacciato&#8221;, ecc.<br \/>\nUna volta aperto l&#8217;imballo, se il contenuto ha subito dei danni devi informarci rapidamente, tramite l\u2019invio di una e-mail al seguente indirizzo di posta elettronica: ordini@flavonature.com.<br \/>\nProvvederemo il prima possibile\u00a0a sostituire il prodotto.<br \/>\nPer semplificare e velocizzare la procedura di sostituzione non respingere il pacco, anche se danneggiato.[\/su_spoiler]<br \/>\n[su_spoiler title=&#8221;Non trovo la domanda che voglio fare. Come posso contattarvi?&#8221; icon=&#8221;arrow&#8221;]Se non trovi la domanda che vuoi farci, clicca il link qui sotto per aprire il modulo di contatto.<br \/>\n[su_button background=&#8221;#eee&#8221; color=&#8221;#333&#8243; icon=&#8221;icon: info &#8221; icon_color=&#8221;#333&#8243; radius=&#8221;square&#8221; size=&#8221;8&#8243; url=&#8221;http:\/\/bottegadelfusto.com\/shop\/index.php\/modulo-di-contatto\/&#8221;] Per Contattarci [\/su_button]<br \/>\n[\/su_spoiler]<\/p>\n","protected":false},"excerpt":{"rendered":"<p>Domande frequenti Prima di contattarci, ti invitiamo a leggere le domande pi\u00f9 frequenti, forse troverai subito la risposta. Domande Generali &#8211; Spedizioni, pagamenti, ecc. [su_spoiler title=&#8221;Devo registrarmi, per poter ordinare?&#8221; icon=&#8221;arrow&#8221;]No, per ordinare \u00e8 sufficiente inserire il prodotto nel carrello. Solo al momento del pagamento si forniscono tutte le informazioni necessarie per l\u2019evasione dell&#8217;ordine e [&hellip;]<\/p>\n","protected":false},"author":18,"featured_media":0,"parent":0,"menu_order":0,"comment_status":"closed","ping_status":"closed","template":"","meta":{"ngg_post_thumbnail":0,"footnotes":""},"class_list":["post-1323","page","type-page","status-publish","hentry"],"yoast_head":"<!-- This site is optimized with the Yoast SEO plugin v24.2 - https:\/\/yoast.com\/wordpress\/plugins\/seo\/ -->\n<title>Domande Frequenti - Bottega del Fusto<\/title>\n<meta name=\"robots\" content=\"index, follow, max-snippet:-1, max-image-preview:large, max-video-preview:-1\" \/>\n<link rel=\"canonical\" href=\"https:\/\/bottegadelfusto.com\/index.php\/domande-frequenti\/\" \/>\n<meta property=\"og:locale\" content=\"it_IT\" \/>\n<meta property=\"og:type\" content=\"article\" \/>\n<meta property=\"og:title\" content=\"Domande Frequenti - Bottega del Fusto\" \/>\n<meta property=\"og:description\" content=\"Domande frequenti Prima di contattarci, ti invitiamo a leggere le domande pi\u00f9 frequenti, forse troverai subito la risposta. Domande Generali &#8211; Spedizioni, pagamenti, ecc. [su_spoiler title=&#8221;Devo registrarmi, per poter ordinare?&#8221; icon=&#8221;arrow&#8221;]No, per ordinare \u00e8 sufficiente inserire il prodotto nel carrello. Solo al momento del pagamento si forniscono tutte le informazioni necessarie per l\u2019evasione dell&#8217;ordine e [&hellip;]\" \/>\n<meta property=\"og:url\" content=\"https:\/\/bottegadelfusto.com\/index.php\/domande-frequenti\/\" \/>\n<meta property=\"og:site_name\" content=\"Bottega del Fusto\" \/>\n<meta name=\"twitter:card\" content=\"summary_large_image\" \/>\n<meta name=\"twitter:label1\" content=\"Tempo di lettura stimato\" \/>\n\t<meta name=\"twitter:data1\" content=\"6 minuti\" \/>\n<script type=\"application\/ld+json\" class=\"yoast-schema-graph\">{\"@context\":\"https:\/\/schema.org\",\"@graph\":[{\"@type\":\"WebPage\",\"@id\":\"https:\/\/bottegadelfusto.com\/index.php\/domande-frequenti\/\",\"url\":\"https:\/\/bottegadelfusto.com\/index.php\/domande-frequenti\/\",\"name\":\"Domande Frequenti - Bottega del Fusto\",\"isPartOf\":{\"@id\":\"https:\/\/bottegadelfusto.com\/#website\"},\"datePublished\":\"2018-04-25T07:26:11+00:00\",\"dateModified\":\"2018-04-25T07:26:11+00:00\",\"breadcrumb\":{\"@id\":\"https:\/\/bottegadelfusto.com\/index.php\/domande-frequenti\/#breadcrumb\"},\"inLanguage\":\"it-IT\",\"potentialAction\":[{\"@type\":\"ReadAction\",\"target\":[\"https:\/\/bottegadelfusto.com\/index.php\/domande-frequenti\/\"]}]},{\"@type\":\"BreadcrumbList\",\"@id\":\"https:\/\/bottegadelfusto.com\/index.php\/domande-frequenti\/#breadcrumb\",\"itemListElement\":[{\"@type\":\"ListItem\",\"position\":1,\"name\":\"Home\",\"item\":\"https:\/\/bottegadelfusto.com\/\"},{\"@type\":\"ListItem\",\"position\":2,\"name\":\"Domande Frequenti\"}]},{\"@type\":\"WebSite\",\"@id\":\"https:\/\/bottegadelfusto.com\/#website\",\"url\":\"https:\/\/bottegadelfusto.com\/\",\"name\":\"Bottega del Fusto\",\"description\":\"I vostri desideri, la nostra passione. Dal 1962.\",\"potentialAction\":[{\"@type\":\"SearchAction\",\"target\":{\"@type\":\"EntryPoint\",\"urlTemplate\":\"https:\/\/bottegadelfusto.com\/?s={search_term_string}\"},\"query-input\":{\"@type\":\"PropertyValueSpecification\",\"valueRequired\":true,\"valueName\":\"search_term_string\"}}],\"inLanguage\":\"it-IT\"}]}<\/script>\n<!-- \/ Yoast SEO plugin. -->","yoast_head_json":{"title":"Domande Frequenti - Bottega del Fusto","robots":{"index":"index","follow":"follow","max-snippet":"max-snippet:-1","max-image-preview":"max-image-preview:large","max-video-preview":"max-video-preview:-1"},"canonical":"https:\/\/bottegadelfusto.com\/index.php\/domande-frequenti\/","og_locale":"it_IT","og_type":"article","og_title":"Domande Frequenti - Bottega del Fusto","og_description":"Domande frequenti Prima di contattarci, ti invitiamo a leggere le domande pi\u00f9 frequenti, forse troverai subito la risposta. Domande Generali &#8211; Spedizioni, pagamenti, ecc. [su_spoiler title=&#8221;Devo registrarmi, per poter ordinare?&#8221; icon=&#8221;arrow&#8221;]No, per ordinare \u00e8 sufficiente inserire il prodotto nel carrello. Solo al momento del pagamento si forniscono tutte le informazioni necessarie per l\u2019evasione dell&#8217;ordine e [&hellip;]","og_url":"https:\/\/bottegadelfusto.com\/index.php\/domande-frequenti\/","og_site_name":"Bottega del Fusto","twitter_card":"summary_large_image","twitter_misc":{"Tempo di lettura stimato":"6 minuti"},"schema":{"@context":"https:\/\/schema.org","@graph":[{"@type":"WebPage","@id":"https:\/\/bottegadelfusto.com\/index.php\/domande-frequenti\/","url":"https:\/\/bottegadelfusto.com\/index.php\/domande-frequenti\/","name":"Domande Frequenti - Bottega del Fusto","isPartOf":{"@id":"https:\/\/bottegadelfusto.com\/#website"},"datePublished":"2018-04-25T07:26:11+00:00","dateModified":"2018-04-25T07:26:11+00:00","breadcrumb":{"@id":"https:\/\/bottegadelfusto.com\/index.php\/domande-frequenti\/#breadcrumb"},"inLanguage":"it-IT","potentialAction":[{"@type":"ReadAction","target":["https:\/\/bottegadelfusto.com\/index.php\/domande-frequenti\/"]}]},{"@type":"BreadcrumbList","@id":"https:\/\/bottegadelfusto.com\/index.php\/domande-frequenti\/#breadcrumb","itemListElement":[{"@type":"ListItem","position":1,"name":"Home","item":"https:\/\/bottegadelfusto.com\/"},{"@type":"ListItem","position":2,"name":"Domande Frequenti"}]},{"@type":"WebSite","@id":"https:\/\/bottegadelfusto.com\/#website","url":"https:\/\/bottegadelfusto.com\/","name":"Bottega del Fusto","description":"I vostri desideri, la nostra passione. Dal 1962.","potentialAction":[{"@type":"SearchAction","target":{"@type":"EntryPoint","urlTemplate":"https:\/\/bottegadelfusto.com\/?s={search_term_string}"},"query-input":{"@type":"PropertyValueSpecification","valueRequired":true,"valueName":"search_term_string"}}],"inLanguage":"it-IT"}]}},"_links":{"self":[{"href":"https:\/\/bottegadelfusto.com\/index.php\/wp-json\/wp\/v2\/pages\/1323","targetHints":{"allow":["GET"]}}],"collection":[{"href":"https:\/\/bottegadelfusto.com\/index.php\/wp-json\/wp\/v2\/pages"}],"about":[{"href":"https:\/\/bottegadelfusto.com\/index.php\/wp-json\/wp\/v2\/types\/page"}],"author":[{"embeddable":true,"href":"https:\/\/bottegadelfusto.com\/index.php\/wp-json\/wp\/v2\/users\/18"}],"replies":[{"embeddable":true,"href":"https:\/\/bottegadelfusto.com\/index.php\/wp-json\/wp\/v2\/comments?post=1323"}],"version-history":[{"count":2,"href":"https:\/\/bottegadelfusto.com\/index.php\/wp-json\/wp\/v2\/pages\/1323\/revisions"}],"predecessor-version":[{"id":1325,"href":"https:\/\/bottegadelfusto.com\/index.php\/wp-json\/wp\/v2\/pages\/1323\/revisions\/1325"}],"wp:attachment":[{"href":"https:\/\/bottegadelfusto.com\/index.php\/wp-json\/wp\/v2\/media?parent=1323"}],"curies":[{"name":"wp","href":"https:\/\/api.w.org\/{rel}","templated":true}]}}